{"id":8818,"date":"2025-10-14T11:14:44","date_gmt":"2025-10-14T11:14:44","guid":{"rendered":"https:\/\/federacionargentinadeajedrez.org\/?page_id=8818"},"modified":"2026-02-05T12:11:20","modified_gmt":"2026-02-05T12:11:20","slug":"i-curso-de-titulacion-de-instructor-escolar-nacional-fada","status":"publish","type":"page","link":"https:\/\/federacionargentinadeajedrez.org\/?page_id=8818","title":{"rendered":"I Curso &#8211; 7 al 28 de Octubre (COMPLETO)"},"content":{"rendered":"<p><img loading=\"lazy\" decoding=\"async\" class=\"alignnone size-full wp-image-8847\" src=\"https:\/\/federacionargentinadeajedrez.org\/wp-content\/uploads\/2025\/10\/Captura-de-pantalla-2025-10-14-205606.png\" alt=\"\" width=\"1425\" height=\"832\" srcset=\"https:\/\/federacionargentinadeajedrez.org\/wp-content\/uploads\/2025\/10\/Captura-de-pantalla-2025-10-14-205606.png 1425w, https:\/\/federacionargentinadeajedrez.org\/wp-content\/uploads\/2025\/10\/Captura-de-pantalla-2025-10-14-205606-300x175.png 300w, https:\/\/federacionargentinadeajedrez.org\/wp-content\/uploads\/2025\/10\/Captura-de-pantalla-2025-10-14-205606-1024x598.png 1024w, https:\/\/federacionargentinadeajedrez.org\/wp-content\/uploads\/2025\/10\/Captura-de-pantalla-2025-10-14-205606-768x448.png 768w\" sizes=\"auto, (max-width: 1425px) 100vw, 1425px\" \/><\/p>\n<p>&nbsp;<\/p>\n<p>LISTADO OFICIAL I CURSO<\/p>\n<table dir=\"ltr\" border=\"1\" cellspacing=\"0\" cellpadding=\"0\" data-sheets-root=\"1\" data-sheets-baot=\"1\">\n<colgroup>\n<col width=\"38\" \/>\n<col width=\"214\" \/>\n<col width=\"288\" \/>\n<col width=\"101\" \/><\/colgroup>\n<tbody>\n<tr>\n<td><strong>Num<\/strong><\/td>\n<td><strong>Apellido y Nombre<\/strong><\/td>\n<td><strong>Ciudad y Provincia<\/strong><\/td>\n<td><strong>Estado<\/strong><\/td>\n<\/tr>\n<tr>\n<td>1<\/td>\n<td>Acu\u00f1a<\/td>\n<td>Neuqu\u00e9n<\/td>\n<td>NO ENVI\u00d3<\/td>\n<\/tr>\n<tr>\n<td>2<\/td>\n<td>Alejandro Ivan Roman<\/td>\n<td>Henderson Provincia de Buenos Aires<\/td>\n<td>APROBADO<\/td>\n<\/tr>\n<tr>\n<td>3<\/td>\n<td>Alem Pablo Gabriel<\/td>\n<td>Neuqu\u00e9n &#8211; Neuqu\u00e9n<\/td>\n<td>APROBADO<\/td>\n<\/tr>\n<tr>\n<td>4<\/td>\n<td>Arguello Christian Jos\u00e9<\/td>\n<td>Posadas Misiones<\/td>\n<td>APROBADO<\/td>\n<\/tr>\n<tr>\n<td>5<\/td>\n<td>Batalla Danilo Gabriel<\/td>\n<td>Rio Grande Tierra del fuego<\/td>\n<td>NO ENVI\u00d3<\/td>\n<\/tr>\n<tr>\n<td>6<\/td>\n<td>Bonino Maria Soledad<\/td>\n<td>General Belgrano, provincia de Bs.As.<\/td>\n<td>APROBADO<\/td>\n<\/tr>\n<tr>\n<td>7<\/td>\n<td>Bourre Paz<\/td>\n<td>Tigre, Buenos Aires<\/td>\n<td>APROBADO<\/td>\n<\/tr>\n<tr>\n<td>8<\/td>\n<td>Broggia, Leonardo<\/td>\n<td>Alejandro Korn, Buenos Aires<\/td>\n<td>APROBADO<\/td>\n<\/tr>\n<tr>\n<td>9<\/td>\n<td>Cala Monica Pilar<\/td>\n<td>Salta Capital<\/td>\n<td>APROBADO<\/td>\n<\/tr>\n<tr>\n<td>10<\/td>\n<td>Camporro Mariano Javier<\/td>\n<td>R\u00edo Gallegos &#8211; Prov. de Santa Cruz<\/td>\n<td>APROBADO<\/td>\n<\/tr>\n<tr>\n<td>11<\/td>\n<td>Catriel Fabio<\/td>\n<td>Maquinchao, Rio Negro<\/td>\n<td>NO ENVI\u00d3<\/td>\n<\/tr>\n<tr>\n<td>12<\/td>\n<td>Cerdeiras Juan<\/td>\n<td>CABA<\/td>\n<td>APROBADO<\/td>\n<\/tr>\n<tr>\n<td>13<\/td>\n<td>Cristian Juan Parrilla<\/td>\n<td>Concepci\u00f3n del Uruguay Entre Rios<\/td>\n<td>APROBADO<\/td>\n<\/tr>\n<tr>\n<td>14<\/td>\n<td>Cuello Facundo<\/td>\n<td>Rosario, Santa Fe<\/td>\n<td>DESAPROBADO<\/td>\n<\/tr>\n<tr>\n<td>15<\/td>\n<td>Cufre Fernando Dami\u00e1n<\/td>\n<td>Ciudad de Buenos Aires<\/td>\n<td>NO ENVI\u00d3<\/td>\n<\/tr>\n<tr>\n<td>16<\/td>\n<td>Curi Maria Jos\u00e9<\/td>\n<td>C del Uruguay Entre Rios<\/td>\n<td>APROBADO<\/td>\n<\/tr>\n<tr>\n<td>17<\/td>\n<td>Fern\u00e1ndez Gustavo Luis Ram\u00f3n<\/td>\n<td>Villa \u00c1ngela Chaco<\/td>\n<td>DESAPROBADO<\/td>\n<\/tr>\n<tr>\n<td>18<\/td>\n<td>Fernandez Leandro Daniel<\/td>\n<td>Rio Gallegos &#8211; Santa Cruz<\/td>\n<td>NO ENVI\u00d3<\/td>\n<\/tr>\n<tr>\n<td>19<\/td>\n<td>Ferrada, Angel Emanuel<\/td>\n<td>Coronel Belisle, R\u00edo Negro.<\/td>\n<td>APROBADO<\/td>\n<\/tr>\n<tr>\n<td>20<\/td>\n<td>Gramaglia Bruno Osvaldo<\/td>\n<td>Santa fe, Santa Fe<\/td>\n<td>NO ENVI\u00d3<\/td>\n<\/tr>\n<tr>\n<td>21<\/td>\n<td>Guardia Guillermo<\/td>\n<td>Mendoza, Mendoza<\/td>\n<td>APROBADO<\/td>\n<\/tr>\n<tr>\n<td>22<\/td>\n<td>Guti\u00e9rrez Gustavo J.<\/td>\n<td>Helvecia &#8211; Santa Fe<\/td>\n<td>NO ENVI\u00d3<\/td>\n<\/tr>\n<tr>\n<td>23<\/td>\n<td>Herrera, Raquel<\/td>\n<td>Maip\u00fa &#8211; Mendoza<\/td>\n<td>APROBADO<\/td>\n<\/tr>\n<tr>\n<td>24<\/td>\n<td>Iriberri Luca<\/td>\n<td>CABA<\/td>\n<td>NO ENVI\u00d3<\/td>\n<\/tr>\n<tr>\n<td>25<\/td>\n<td>Kimura David<\/td>\n<td>CABA<\/td>\n<td>NO ENVI\u00d3<\/td>\n<\/tr>\n<tr>\n<td>26<\/td>\n<td>Llenolio Nicolas<\/td>\n<td>CABA, Buenos Aires<\/td>\n<td>APROBADO<\/td>\n<\/tr>\n<tr>\n<td>27<\/td>\n<td>Lopez Mayra Dibe<\/td>\n<td>Puerto Santa Cruz &#8211; Santa Cruz<\/td>\n<td>NO ENVI\u00d3<\/td>\n<\/tr>\n<tr>\n<td>28<\/td>\n<td>Lupi Serres Sebasti\u00e1n<\/td>\n<td>Tucum\u00e1n<\/td>\n<td>APROBADO<\/td>\n<\/tr>\n<tr>\n<td>29<\/td>\n<td>Marcelo jose bona<\/td>\n<td>Santa fe<\/td>\n<td>NO ENVI\u00d3<\/td>\n<\/tr>\n<tr>\n<td>30<\/td>\n<td>Marchak Emanuel<\/td>\n<td>Jardin Am\u00e9rica, Misiones<\/td>\n<td>APROBADO<\/td>\n<\/tr>\n<tr>\n<td>31<\/td>\n<td>Mart\u00ednez Emanuel Moises<\/td>\n<td>Salta Capital<\/td>\n<td>APROBADO<\/td>\n<\/tr>\n<tr>\n<td>32<\/td>\n<td>Mastromarino Martin<\/td>\n<td>Mar del Plata Bs As<\/td>\n<td>NO ENVI\u00d3<\/td>\n<\/tr>\n<tr>\n<td>33<\/td>\n<td>Mattei Paola Bel\u00e9n<\/td>\n<td>Villa Mercedes San Luis<\/td>\n<td>APROBADO<\/td>\n<\/tr>\n<tr>\n<td>34<\/td>\n<td>Medina Aguilera Mar\u00eda Jos\u00e9<\/td>\n<td>Tucum\u00e1n<\/td>\n<td>APROBADO<\/td>\n<\/tr>\n<tr>\n<td>35<\/td>\n<td>Mendieta Eliana Beatriz<\/td>\n<td>C\u00d3RDOBA CAPITAL<\/td>\n<td>APROBADO<\/td>\n<\/tr>\n<tr>\n<td>36<\/td>\n<td>Nicol\u00e1s Forgione<\/td>\n<td>Luis Guill\u00f3n, Buenos Aires<\/td>\n<td>NO ENVI\u00d3<\/td>\n<\/tr>\n<tr>\n<td>37<\/td>\n<td>Ocampo Fernando Daniel<\/td>\n<td>Santa Mar\u00eda, Catamarca<\/td>\n<td>NO ENVI\u00d3<\/td>\n<\/tr>\n<tr>\n<td>38<\/td>\n<td>Oldani Homero Fabi\u00e1n<\/td>\n<td>Puerto Madryn, Chubut<\/td>\n<td>APROBADO<\/td>\n<\/tr>\n<tr>\n<td>39<\/td>\n<td>Palacio Maximiliano<\/td>\n<td>San Fernando Del Valle De Catamarca- Catamarca<\/td>\n<td>NO ENVI\u00d3<\/td>\n<\/tr>\n<tr>\n<td>40<\/td>\n<td>Ponce Hernan Pablo<\/td>\n<td>Azul, Buenos Aires<\/td>\n<td>APROBADO<\/td>\n<\/tr>\n<tr>\n<td>41<\/td>\n<td>QUERO Franco Yago<\/td>\n<td>C\u00f3rdoba Capital<\/td>\n<td>APROBADO<\/td>\n<\/tr>\n<tr>\n<td>42<\/td>\n<td>Quiroga Calder\u00f3n Ruth Cecilia Rene\u00e9<\/td>\n<td>La Rioja Capital<\/td>\n<td>APROBADO<\/td>\n<\/tr>\n<tr>\n<td>43<\/td>\n<td>Sandoval Cristian<\/td>\n<td>Viedma &#8211; Rio Negro<\/td>\n<td>APROBADO<\/td>\n<\/tr>\n<tr>\n<td>44<\/td>\n<td>Sandoval Julio C\u00e9sar<\/td>\n<td>Florencio Varela Bs As<\/td>\n<td>APROBADO<\/td>\n<\/tr>\n<tr>\n<td>45<\/td>\n<td>Santiso Mauro<\/td>\n<td>Urdinarrain Entre Rios<\/td>\n<td>NO ENVI\u00d3<\/td>\n<\/tr>\n<tr>\n<td>46<\/td>\n<td>Serrano Isa\u00edas Ezequiel<\/td>\n<td>NEUQUEN-NEUQUEN<\/td>\n<td>APROBADO<\/td>\n<\/tr>\n<tr>\n<td>47<\/td>\n<td>Vargas Nicol\u00e1s Ezequiel<\/td>\n<td>Villa Parque Santa Ana -Cordoba<\/td>\n<td>APROBADO<\/td>\n<\/tr>\n<tr>\n<td>48<\/td>\n<td>Vilches Jorge Orlando<\/td>\n<td>San Rafael Mendoza<\/td>\n<td>NO ENVI\u00d3<\/td>\n<\/tr>\n<tr>\n<td>49<\/td>\n<td>Villagra Mart\u00edn Gustavo<\/td>\n<td>Santa Mar\u00eda Catamarca<\/td>\n<td>APROBADO<\/td>\n<\/tr>\n<tr>\n<td>50<\/td>\n<td>Yba\u00f1ez Jos\u00e9 Daniel<\/td>\n<td>Pozo Hondo, Santiago del Estero<\/td>\n<td>DESAPROBADO<\/td>\n<\/tr>\n<\/tbody>\n<\/table>\n<p>&nbsp;<\/p>\n","protected":false},"excerpt":{"rendered":"<p>&nbsp; LISTADO OFICIAL I CURSO Num Apellido y Nombre Ciudad y Provincia Estado 1 Acu\u00f1a Neuqu\u00e9n NO ENVI\u00d3 2 Alejandro Ivan Roman Henderson&hellip;<\/p>\n","protected":false},"author":1,"featured_media":0,"parent":0,"menu_order":0,"comment_status":"closed","ping_status":"closed","template":"","meta":{"footnotes":""},"class_list":["post-8818","page","type-page","status-publish","hentry"],"_links":{"self":[{"href":"https:\/\/federacionargentinadeajedrez.org\/index.php?rest_route=\/wp\/v2\/pages\/8818","targetHints":{"allow":["GET"]}}],"collection":[{"href":"https:\/\/federacionargentinadeajedrez.org\/index.php?rest_route=\/wp\/v2\/pages"}],"about":[{"href":"https:\/\/federacionargentinadeajedrez.org\/index.php?rest_route=\/wp\/v2\/types\/page"}],"author":[{"embeddable":true,"href":"https:\/\/federacionargentinadeajedrez.org\/index.php?rest_route=\/wp\/v2\/users\/1"}],"replies":[{"embeddable":true,"href":"https:\/\/federacionargentinadeajedrez.org\/index.php?rest_route=%2Fwp%2Fv2%2Fcomments&post=8818"}],"version-history":[{"count":9,"href":"https:\/\/federacionargentinadeajedrez.org\/index.php?rest_route=\/wp\/v2\/pages\/8818\/revisions"}],"predecessor-version":[{"id":9275,"href":"https:\/\/federacionargentinadeajedrez.org\/index.php?rest_route=\/wp\/v2\/pages\/8818\/revisions\/9275"}],"wp:attachment":[{"href":"https:\/\/federacionargentinadeajedrez.org\/index.php?rest_route=%2Fwp%2Fv2%2Fmedia&parent=8818"}],"curies":[{"name":"wp","href":"https:\/\/api.w.org\/{rel}","templated":true}]}}